{"id":479,"date":"2023-11-16T21:33:16","date_gmt":"2023-11-16T21:33:16","guid":{"rendered":"https:\/\/cortinasya.com\/?page_id=479"},"modified":"2023-11-16T21:33:28","modified_gmt":"2023-11-16T21:33:28","slug":"cortinas-para-furgoneta-camper","status":"publish","type":"page","link":"https:\/\/cortinasya.com\/index.php\/cortinas-para-furgoneta-camper\/","title":{"rendered":"Cortinas para furgoneta camper"},"content":{"rendered":"\n<h1 class=\"wp-block-heading\">Cortinas para furgoneta camper<\/h1>\n\n\n\n<p>Las cortinas para furgonetas son mucho m\u00e1s importante de lo que creemos ya que para poder descansar lejos de miradas indiscretas es con una buena cortina, por ello en este art\u00edculo os diremos que debes de hacer para elegir tus cortinas para tu furgoneta camperizada.<\/p>\n\n\n\n<h2 class=\"wp-block-heading\"><strong>C\u00f3mo Elegir las Cortinas Perfectas para tu Furgoneta<\/strong><\/h2>\n\n\n\n<p>Cuando entras en el mundo de las cortinas para furgonetas, es esencial considerar factores clave. Piensa en el tama\u00f1o de tu veh\u00edculo, el material de las cortinas y la facilidad de instalaci\u00f3n. Estos aspectos aseguran que tu elecci\u00f3n se adapte perfectamente a tus necesidades de viaje.<\/p>\n\n\n\n<p>Aqu\u00ed os vamos a dejar una selecci\u00f3n de las mejores cortinas para furgoneta:<\/p>\n\n\n\n<div class=\"wp-block-columns is-layout-flex wp-container-core-columns-layout-1 wp-block-columns-is-layout-flex\">\n<div class=\"wp-block-column is-layout-flow wp-block-column-is-layout-flow\">\n<iframe sandbox=\"allow-popups allow-scripts allow-modals allow-forms allow-same-origin\" style=\"width:120px;height:240px;\" marginwidth=\"0\" marginheight=\"0\" scrolling=\"no\" frameborder=\"0\" src=\"\/\/rcm-eu.amazon-adsystem.com\/e\/cm?lt1=_blank&#038;bc1=000000&#038;IS2=1&#038;bg1=FFFFFF&#038;fc1=000000&#038;lc1=0000FF&#038;t=javier0070-21&#038;language=es_ES&#038;o=30&#038;p=8&#038;l=as4&#038;m=amazon&#038;f=ifr&#038;ref=as_ss_li_til&#038;asins=B07PVDVGKM&#038;linkId=94d3645229b68f31eca57e553c37bdd9\"><\/iframe>\n<\/div>\n\n\n\n<div class=\"wp-block-column is-layout-flow wp-block-column-is-layout-flow\">\n<iframe sandbox=\"allow-popups allow-scripts allow-modals allow-forms allow-same-origin\" style=\"width:120px;height:240px;\" marginwidth=\"0\" marginheight=\"0\" scrolling=\"no\" frameborder=\"0\" src=\"\/\/rcm-eu.amazon-adsystem.com\/e\/cm?lt1=_blank&#038;bc1=000000&#038;IS2=1&#038;bg1=FFFFFF&#038;fc1=000000&#038;lc1=0000FF&#038;t=javier0070-21&#038;language=es_ES&#038;o=30&#038;p=8&#038;l=as4&#038;m=amazon&#038;f=ifr&#038;ref=as_ss_li_til&#038;asins=B0BHYHZ52P&#038;linkId=606f9b892dc8820798aa296f68b2667c\"><\/iframe>\n<\/div>\n\n\n\n<div class=\"wp-block-column is-layout-flow wp-block-column-is-layout-flow\">\n<iframe sandbox=\"allow-popups allow-scripts allow-modals allow-forms allow-same-origin\" style=\"width:120px;height:240px;\" marginwidth=\"0\" marginheight=\"0\" scrolling=\"no\" frameborder=\"0\" src=\"\/\/rcm-eu.amazon-adsystem.com\/e\/cm?lt1=_blank&#038;bc1=000000&#038;IS2=1&#038;bg1=FFFFFF&#038;fc1=000000&#038;lc1=0000FF&#038;t=javier0070-21&#038;language=es_ES&#038;o=30&#038;p=8&#038;l=as4&#038;m=amazon&#038;f=ifr&#038;ref=as_ss_li_til&#038;asins=B0C3M2CX5V&#038;linkId=038623927c704791554df4d1b7477802\"><\/iframe>\n<\/div>\n<\/div>\n\n\n\n<h2 class=\"wp-block-heading\"><strong>Ventajas de Utilizar Cortinas en tu Furgoneta <\/strong><\/h2>\n\n\n\n<p>\u00bfPor qu\u00e9 deber\u00edas considerar instalar cortinas en tu furgoneta? Aparte de la obvia mejora en la privacidad, estas tambi\u00e9n contribuyen a regular la temperatura interior, protegiendo tus pertenencias de la luz solar directa y manteniendo un ambiente agradable en el interior.<\/p>\n\n\n\n<h2 class=\"wp-block-heading\"><strong>Tu Viaje, Tu Estilo<\/strong><\/h2>\n\n\n\n<p> En resumen, las cortinas para furgonetas son un componente esencial para mejorar tu experiencia de viaje. Desde la elecci\u00f3n adecuada hasta la instalaci\u00f3n personalizada, estas cortinas no solo ofrecen privacidad, sino tambi\u00e9n un toque \u00fanico que transforma tu furgoneta en un hogar sobre ruedas.<\/p>\n\n\n\n<p><strong>Recuerda, tu viaje es \u00fanico, \u00a1y tus cortinas tambi\u00e9n deber\u00edan serlo! <\/strong>\u00bfListo para personalizar tu espacio de viaje? Descubre m\u00e1s sobre c\u00f3mo las cortinas para furgonetas pueden hacer que cada viaje sea m\u00e1s c\u00f3modo y agradable. Explora nuestras opciones y lleva tu experiencia de viaje al siguiente nivel. \u00a1Tu furgoneta, tu estilo, tu viaje!<\/p>\n","protected":false},"excerpt":{"rendered":"<p>Cortinas para furgoneta camper Las cortinas para furgonetas son mucho m\u00e1s importante de lo que creemos ya que para poder descansar lejos de miradas indiscretas es con una buena cortina, por ello en este art\u00edculo os diremos que debes de hacer para elegir tus cortinas para tu furgoneta camperizada. C\u00f3mo Elegir las Cortinas Perfectas para [&hellip;]<\/p>\n","protected":false},"author":1,"featured_media":0,"parent":0,"menu_order":0,"comment_status":"closed","ping_status":"closed","template":"","meta":{"site-sidebar-layout":"default","site-content-layout":"","ast-site-content-layout":"default","site-content-style":"default","site-sidebar-style":"default","ast-global-header-display":"","ast-banner-title-visibility":"","ast-main-header-display":"","ast-hfb-above-header-display":"","ast-hfb-below-header-display":"","ast-hfb-mobile-header-display":"","site-post-title":"disabled","ast-breadcrumbs-content":"","ast-featured-img":"","footer-sml-layout":"","theme-transparent-header-meta":"","adv-header-id-meta":"","stick-header-meta":"","header-above-stick-meta":"","header-main-stick-meta":"","header-below-stick-meta":"","astra-migrate-meta-layouts":"set","ast-page-background-enabled":"default","ast-page-background-meta":{"desktop":{"background-color":"var(--ast-global-color-4)","background-image":"","background-repeat":"repeat","background-position":"center center","background-size":"auto","background-attachment":"scroll","background-type":"","background-media":"","overlay-type":"","overlay-color":"","overlay-gradient":""},"tablet":{"background-color":"","background-image":"","background-repeat":"repeat","background-position":"center center","background-size":"auto","background-attachment":"scroll","background-type":"","background-media":"","overlay-type":"","overlay-color":"","overlay-gradient":""},"mobile":{"background-color":"","background-image":"","background-repeat":"repeat","background-position":"center center","background-size":"auto","background-attachment":"scroll","background-type":"","background-media":"","overlay-type":"","overlay-color":"","overlay-gradient":""}},"ast-content-background-meta":{"desktop":{"background-color":"var(--ast-global-color-5)","background-image":"","background-repeat":"repeat","background-position":"center center","background-size":"auto","background-attachment":"scroll","background-type":"","background-media":"","overlay-type":"","overlay-color":"","overlay-gradient":""},"tablet":{"background-color":"var(--ast-global-color-5)","background-image":"","background-repeat":"repeat","background-position":"center center","background-size":"auto","background-attachment":"scroll","background-type":"","background-media":"","overlay-type":"","overlay-color":"","overlay-gradient":""},"mobile":{"background-color":"var(--ast-global-color-5)","background-image":"","background-repeat":"repeat","background-position":"center center","background-size":"auto","background-attachment":"scroll","background-type":"","background-media":"","overlay-type":"","overlay-color":"","overlay-gradient":""}},"footnotes":""},"aioseo_notices":[],"_links":{"self":[{"href":"https:\/\/cortinasya.com\/index.php\/wp-json\/wp\/v2\/pages\/479"}],"collection":[{"href":"https:\/\/cortinasya.com\/index.php\/wp-json\/wp\/v2\/pages"}],"about":[{"href":"https:\/\/cortinasya.com\/index.php\/wp-json\/wp\/v2\/types\/page"}],"author":[{"embeddable":true,"href":"https:\/\/cortinasya.com\/index.php\/wp-json\/wp\/v2\/users\/1"}],"replies":[{"embeddable":true,"href":"https:\/\/cortinasya.com\/index.php\/wp-json\/wp\/v2\/comments?post=479"}],"version-history":[{"count":1,"href":"https:\/\/cortinasya.com\/index.php\/wp-json\/wp\/v2\/pages\/479\/revisions"}],"predecessor-version":[{"id":480,"href":"https:\/\/cortinasya.com\/index.php\/wp-json\/wp\/v2\/pages\/479\/revisions\/480"}],"wp:attachment":[{"href":"https:\/\/cortinasya.com\/index.php\/wp-json\/wp\/v2\/media?parent=479"}],"curies":[{"name":"wp","href":"https:\/\/api.w.org\/{rel}","templated":true}]}}